when 363339 is divided by 13.
2
Calculate the remainder when 335810 is divided by 97.
93
What is the remainder when 55755 is divided by 31?
17
What is the remainder when 920105 is divided by 3119?
0
What is the remainder when 764 is divided by 291?
182
What is the remainder when 10881 is divided by 2?
1
What is the remainder when 389912 is divided by 12?
8
What is the remainder when 5970 is divided by 2891?
188
What is the remainder when 105187 is divided by 2145?
82
Calculate the remainder when 547475 is divided by 87.
71
Calculate the remainder when 18414 is divided by 127.
126
What is the remainder when 3824 is divided by 343?
51
Calculate the remainder when 122880 is divided by 36.
12
Calculate the remainder when 2573 is divided by 101.
48
Calculate the remainder when 9244 is divided by 262.
74
Calculate the remainder when 906442 is divided by 453214.
14
Calculate the remainder when 172377 is divided by 85.
82
What is the remainder when 76888 is divided by 169?
162
What is the remainder when 69028 is divided by 125?
28
What is the remainder when 6913 is divided by 70?
53
What is the remainder when 429 is divided by 216?
213
What is the remainder when 6026542 is divided by 1165?
1162
What is the remainder when 2294 is divided by 1140?
14
Calculate the remainder when 2088 is divided by 500.
88
What is the remainder when 4066 is divided by 51?
37
What is the remainder when 565291 is divided by 20?
11
Calculate the remainder when 18875 is divided by 994.
983
Calculate the remainder when 54222 is divided by 49.
28
Calculate the remainder when 5122 is divided by 164.
38
What is the remainder when 39797 is divided by 19885?
27
Calculate the remainder when 19783 is divided by 19783.
0
Calculate the remainder when 40507 is divided by 19.
18
What is the remainder when 1168 is divided by 1121?
47
Calculate the remainder when 391972 is divided by 52.
48
What is the remainder when 535869 is divided by 49?
5
What is the remainder when 288986 is divided by 11558?
36
Calculate the remainder when 14601 is divided by 168.
153
What is the remainder when 45130 is divided by 1599?
358
What is the remainder when 32530 is divided by 293?
7
What is the remainder when 14066 is divided by 4501?
563
What is the remainder when 95022 is divided by 1827?
18
What is the remainder when 26588 is divided by 444?
392
What is the remainder when 2983 is divided by 22?
13
Calculate the remainder when 362807 is divided by 196.
11
Calculate the remainder when 5298 is divided by 32.
18
What is the remainder when 10283 is divided by 2984?
1331
What is the remainder when 5838 is divided by 928?
270
Calculate the remainder when 38150 is divided by 65.
60
What is the remainder when 198024 is divided by 4?
0
Calculate the remainder when 1929 is divided by 666.
597
What is the remainder when 4079 is divided by 245?
159
Calculate the remainder when 373477 is divided by 206.
205
What is the remainder when 18596 is divided by 21?
11
What is the remainder when 1532 is divided by 380?
12
What is the remainder when 23365 is divided by 46?
43
What is the remainder when 94349 is divided by 47172?
5
Calculate the remainder when 16625 is divided by 554.
5
What is the remainder when 1793 is divided by 299?
298
Calculate the remainder when 4153345 is divided by 9.
7
Calculate the remainder when 42124 is divided by 10508.
92
Calculate the remainder when 67392 is divided by 15.
12
What is the remainder when 757 is divided by 151?
2
What is the remainder when 3719 is divided by 235?
194
Calculate the remainder when 11311 is divided by 205.
36
What is the remainder when 39245 is divided by 1065?
905
What is the remainder when 370460 is divided by 540?
20
What is the remainder when 752952 is divided by 1374?
0
What is the remainder when 578570 is divided by 369?
347
What is the remainder when 1507 is divided by 54?
49
What is the remainder when 417548 is divided by 12652?
32
What is the remainder when 82714 is divided by 27504?
202
What is the remainder when 659 is divided by 5?
4
Calculate the remainder when 6410 is divided by 495.
470
What is the remainder when 4528 is divided by 400?
128
Calculate the remainder when 105930 is divided by 1341.
1332
What is the remainder when 5319 is divided by 878?
51
What is the remainder when 4743 is divided by 103?
5
What is the remainder when 8881 is divided by 36?
25
What is the remainder when 11333 is divided by 552?
293
Calculate the remainder when 2003 is divided by 422.
315
What is the remainder when 1335169 is divided by 146?
145
Calculate the remainder when 47855 is divided by 656.
623
What is the remainder when 234671 is divided by 15?
11
Calculate the remainder when 15113 is divided by 15106.
7
What is the remainder when 38953 is divided by 106?
51
What is the remainder when 1195 is divided by 77?
40
Calculate the remainder when 8854 is divided by 684.
646
What is the remainder when 711 is divided by 266?
179
Calculate the remainder when 67122 is divided by 1222.
1134
What is the remainder when 64286 is divided by 2570?
36
Calculate the remainder when 4001 is divided by 1160.
521
What is the remainder when 230128 is divided by 42?
10
What is the remainder when 5284 is divided by 403?
45
What is the remainder when 12748 is divided by 172?
20
What is the remainder when 30082 is divided by 10001?
79
What is the remainder when 5600 is divided by 125?
100
Calculate the remainder when 1524 is divided by 292.
64
What is the remainder when 967 is divided by 54?
49
What is the remainder when 3719 is divided by 828?
407
Calculate the remainder when 41548 is divided by 31.
8
Calculate the remainder when 288124 is divided by 840.
4
What is the remainder when 13495 is divided by 10?
5
What is the remainder when 5681 is divided by 21?
11
Calculate the remainder when 58911 is divided by 660.
171
Calculate the remainder when 7292 is divided by 251.
13
Calculate the remainder when 20965 is divided by 29.
27
Calculate the remainder when 13492 is divided by 180.
172
What is the remainder when 2443 is divided by 548?
251
What is the remainder when 225555 is divided by 20?
15
What is the remainder when 7538 is divided by 7532?
6
What is the remainder when 8237 is divided by 235?
12
Calculate the remainder when 2019 is divided by 138.
87
What is the remainder when 6871 is divided by 381?
13
Calculate the remainder when 814 is divided by 80.
14
Calculate the remainder when 22638 is divided by 7456.
270
What is the remainder when 181481 is divided by 132?
113
Calculate the remainder when 314215 is divided by 143.
44
What is the remainder when 2654 is divided by 296?
286
What is the remainder when 11704 is divided by 87?
46
What is the remainder when 47875 is divided by 73?
60
What is the remainder when 159703 is divided by 13?
11
Calculate the remainder when 34649 is divided by 70.
69
What is the remainder when 796079 is divided by 31?
30
What is the remainder when 1414511 is divided by 418?
417
Calculate the remainder when 18572 is divided by 204.
8
Calculate the remainder when 103675 is divided by 1152.
1147
Calculate the remainder when 1077 is divided by 124.
85
What is the remainder when 171758 is divided by 2202?
2
What is the remainder when 6888 is divided by 140?
28
What is the remainder when 7170 is divided by 175?
170
Calculate the remainder when 3016 is divided by 101.
87
What is the remainder when 86162 is divided by 231?
230
Calculate the remainder when 8115 is divided by 279.
24
Calculate the remainder when 93090 is divided by 5817.
18
Calculate the remainder when 6429 is divided by 643.
642
Calculate the remainder when 500786 is divided by 7.
6
What is the remainder when 2021 is divided by 341?
316
Calculate the remainder when 7733 is divided by 16.
5
What is the remainder when 6728 is divided by 48?
8
Calculate the remainder when 403 is divided by 193.
17
Calculate the remainder when 1818 is divided by 1808.
10
What is the remainder when 66400 is divided by 102?
100
Calculate the remainder when 1839970 is divided by 223.
220
What is the remainder when 738 is divided by 731?
7
Calculate the remainder when 16305 is divided by 204.
189
What is the remainder when 13059 is divided by 283?
41
What is the remainder when 56489 is divided by 911?
7
What is the remain